{"id":121,"date":"2023-03-08T09:45:16","date_gmt":"2023-03-08T08:45:16","guid":{"rendered":"https:\/\/extrapgb.fr\/pastre\/?page_id=121"},"modified":"2026-03-28T14:45:40","modified_gmt":"2026-03-28T13:45:40","slug":"association-sportive-ugsel","status":"publish","type":"page","link":"https:\/\/extrapgb.fr\/pastre\/association-sportive-ugsel\/","title":{"rendered":"Association sportive \u2013 UGSEL"},"content":{"rendered":"<div class=\"fusion-fullwidth fullwidth-box fusion-builder-row-1 fusion-flex-container has-pattern-background has-mask-background nonhundred-percent-fullwidth non-hundred-percent-height-scrolling\" style=\"--awb-border-radius-top-left:0px;--awb-border-radius-top-right:0px;--awb-border-radius-bottom-right:0px;--awb-border-radius-bottom-left:0px;--awb-flex-wrap:wrap;\" ><div class=\"fusion-builder-row fusion-row fusion-flex-align-items-flex-start fusion-flex-content-wrap\" style=\"max-width:1248px;margin-left: calc(-4% \/ 2 );margin-right: calc(-4% \/ 2 );\"><div class=\"fusion-layout-column fusion_builder_column fusion-builder-column-0 fusion_builder_column_1_1 1_1 fusion-flex-column\" style=\"--awb-bg-size:cover;--awb-width-large:100%;--awb-margin-top-large:0px;--awb-spacing-right-large:1.92%;--awb-margin-bottom-large:20px;--awb-spacing-left-large:1.92%;--awb-width-medium:100%;--awb-order-medium:0;--awb-spacing-right-medium:1.92%;--awb-spacing-left-medium:1.92%;--awb-width-small:100%;--awb-order-small:0;--awb-spacing-right-small:1.92%;--awb-spacing-left-small:1.92%;\"><div class=\"fusion-column-wrapper fusion-column-has-shadow fusion-flex-justify-content-flex-start fusion-content-layout-column\"><div class=\"fusion-title title fusion-title-1 fusion-sep-none fusion-title-text fusion-title-size-one\" style=\"--awb-margin-top-small:10px;--awb-margin-right-small:0px;--awb-margin-bottom-small:10px;--awb-margin-left-small:0px;\"><h1 class=\"fusion-title-heading title-heading-left\" style=\"margin:0;\"><h2 class=\"title-heading-left\"><b>Association sportive \u2013 UGSEL<\/b><\/h2><\/h1><\/div><div class=\"fusion-text fusion-text-1 awb-text-cols fusion-text-columns-3\" style=\"--awb-columns:3;--awb-column-spacing:2em;--awb-column-min-width:100px;\"><p class=\"p1\">L\u2019UGSEL 13, est la f\u00e9d\u00e9ration sportive \u00e9ducative de l\u2019enseignement catholique, qui<span class=\"Apple-converted-space\">\u00a0\u00a0<\/span>regroupe les associations sportives des \u00e9tablissements priv\u00e9s des Bouches du Rh\u00f4ne. Chaque Association Sportive propose en son sein diff\u00e9rentes activit\u00e9s sportives \u00e0 but comp\u00e9titif ou non.<\/p>\n<p class=\"p1\">L\u2019Association Sportive PASTRE GRANDE BASTIDE(AS PGB), propose des entrainements le Mercredi apr\u00e8s-midi de 13H30 \u00e0 14H30 et 14h30 \u2013 16H00 avec une finalit\u00e9 comp\u00e9titive. Les Comp\u00e9titions se d\u00e9roulent de 13H00 \u00e0 17H00 selon un calendrier d\u00e9partemental \u00e9tablit par L\u2019UGSEL 13.<\/p>\n<p class=\"p1\">L\u2019AS PGB est ouverte essentiellement pour les \u00e9l\u00e8ves du coll\u00e8ge de la 6\u00e8me \u00e0 la 3\u00e8me et touche environ une centaine d\u2019\u00e9l\u00e8ves, ce qui repr\u00e9sente environ 1\/4 du Coll\u00e8ge. Le lyc\u00e9e ayant cours le Mercredi apr\u00e8s-midi est pr\u00e9sent sur des activit\u00e9s ponctuelles comme le JUDO et la NATATION.<\/p>\n<p class=\"p1\">Les activit\u00e9s les plus repr\u00e9sent\u00e9es sont : le FOOTBALL, le FUTSAL, Le BASKET, le TENNIS de TABLE, l\u2019ATHLETISME\u2026 Certaines Activit\u00e9s apparaissent et disparaissent au fil de la demande des \u00e9l\u00e8ves lors de la r\u00e9union de rentr\u00e9e qui se d\u00e9roule Fin septembre.<br \/>\nDepuis quelques ann\u00e9es, le travail men\u00e9 par les professeurs d\u2019EPS commence \u00e0 porter ses fruits et les bonnes performances sont pr\u00e9sentes\u00a0!<\/p>\n<p class=\"p1\">Contact\u00a0: as.pgb09@gmail.com<\/p>\n<\/div><\/div><\/div><\/div><\/div>\n","protected":false},"excerpt":{"rendered":"","protected":false},"author":1,"featured_media":0,"parent":0,"menu_order":0,"comment_status":"closed","ping_status":"closed","template":"100-width.php","meta":{"_lmt_disableupdate":"","_lmt_disable":"","footnotes":""},"class_list":["post-121","page","type-page","status-publish","hentry"],"_links":{"self":[{"href":"https:\/\/extrapgb.fr\/pastre\/wp-json\/wp\/v2\/pages\/121","targetHints":{"allow":["GET"]}}],"collection":[{"href":"https:\/\/extrapgb.fr\/pastre\/wp-json\/wp\/v2\/pages"}],"about":[{"href":"https:\/\/extrapgb.fr\/pastre\/wp-json\/wp\/v2\/types\/page"}],"author":[{"embeddable":true,"href":"https:\/\/extrapgb.fr\/pastre\/wp-json\/wp\/v2\/users\/1"}],"replies":[{"embeddable":true,"href":"https:\/\/extrapgb.fr\/pastre\/wp-json\/wp\/v2\/comments?post=121"}],"version-history":[{"count":1,"href":"https:\/\/extrapgb.fr\/pastre\/wp-json\/wp\/v2\/pages\/121\/revisions"}],"predecessor-version":[{"id":1665,"href":"https:\/\/extrapgb.fr\/pastre\/wp-json\/wp\/v2\/pages\/121\/revisions\/1665"}],"wp:attachment":[{"href":"https:\/\/extrapgb.fr\/pastre\/wp-json\/wp\/v2\/media?parent=121"}],"curies":[{"name":"wp","href":"https:\/\/api.w.org\/{rel}","templated":true}]}}