{"id":118,"date":"2023-03-08T09:44:00","date_gmt":"2023-03-08T08:44:00","guid":{"rendered":"https:\/\/extrapgb.fr\/pastre\/?page_id=118"},"modified":"2026-03-28T14:45:40","modified_gmt":"2026-03-28T13:45:40","slug":"apel","status":"publish","type":"page","link":"https:\/\/extrapgb.fr\/pastre\/apel\/","title":{"rendered":"APEL"},"content":{"rendered":"<div class=\"fusion-fullwidth fullwidth-box fusion-builder-row-1 fusion-flex-container has-pattern-background has-mask-background nonhundred-percent-fullwidth non-hundred-percent-height-scrolling\" style=\"--awb-border-radius-top-left:0px;--awb-border-radius-top-right:0px;--awb-border-radius-bottom-right:0px;--awb-border-radius-bottom-left:0px;--awb-flex-wrap:wrap;\" ><div class=\"fusion-builder-row fusion-row fusion-flex-align-items-flex-start fusion-flex-content-wrap\" style=\"max-width:1248px;margin-left: calc(-4% \/ 2 );margin-right: calc(-4% \/ 2 );\"><div class=\"fusion-layout-column fusion_builder_column fusion-builder-column-0 fusion_builder_column_1_1 1_1 fusion-flex-column\" style=\"--awb-bg-size:cover;--awb-width-large:100%;--awb-margin-top-large:0px;--awb-spacing-right-large:1.92%;--awb-margin-bottom-large:20px;--awb-spacing-left-large:1.92%;--awb-width-medium:100%;--awb-order-medium:0;--awb-spacing-right-medium:1.92%;--awb-spacing-left-medium:1.92%;--awb-width-small:100%;--awb-order-small:0;--awb-spacing-right-small:1.92%;--awb-spacing-left-small:1.92%;\" data-scroll-devices=\"small-visibility,medium-visibility,large-visibility\"><div class=\"fusion-column-wrapper fusion-column-has-shadow fusion-flex-justify-content-flex-start fusion-content-layout-column\"><div class=\"fusion-title title fusion-title-1 fusion-sep-none fusion-title-text fusion-title-size-one\" style=\"--awb-margin-top-small:10px;--awb-margin-right-small:0px;--awb-margin-bottom-small:10px;--awb-margin-left-small:0px;\"><h1 class=\"fusion-title-heading title-heading-left\" style=\"margin:0;\"><h2 class=\"title-heading-left\"><b>APEL<\/b><\/h2><\/h1><\/div><div class=\"fusion-text fusion-text-1 awb-text-cols fusion-text-columns-3\" style=\"--awb-columns:3;--awb-column-spacing:2em;--awb-column-min-width:100px;\"><p class=\"p1\">L\u2019Association des Parents d\u2019\u00e9l\u00e8ves de l\u2019Enseignement Libre Pastr\u00e9 Grande Bastide est une \u00e9quipe de parents b\u00e9n\u00e9voles.<\/p>\n<p class=\"p1\">Ils participent concr\u00e8tement \u00e0 la vie et \u00e0 l\u2019animation de l\u2019\u00e9tablissement en \u00e9troite collaboration avec la direction et l\u2019\u00e9quipe enseignante.<\/p>\n<p><a href=\"https:\/\/extrapgb.fr\/pastre\/wp-content\/uploads\/2025\/06\/equipe-2024-2025.pdf\" target=\"_blank\" rel=\"noopener\"><strong>Cliquer ici pour consulter la liste des membres du conseil d\u2019administration ainsi que nos actions pour l&rsquo;ann\u00e9e 2024\/2025.<\/strong><\/a><\/p>\n<p class=\"p1\">L\u2019APEL Pastr\u00e9 Grande Bastide repr\u00e9sente toutes les familles de l\u2019\u00e9tablissement aupr\u00e8s de la direction avec comme priorit\u00e9 le bien-\u00eatre des enfants.<\/p>\n<p class=\"p1\"><b>Nos actions<\/b><\/p>\n<ul>\n<li>Accueil des familles et des nouveaux \u00e9l\u00e8ves lors des journ\u00e9es portes ouvertes<\/li>\n<li>Organisation d\u2019\u00e9v\u00e9nements au sein de l\u2019\u00e9tablissement: loto, tombola, spectacle, march\u00e9 de No\u00ebl,\u2026<\/li>\n<li>Formation des parents d\u00e9l\u00e9gu\u00e9s qui souhaitent participer aux conseils de classe<\/li>\n<li>Participation aux conseils de discipline<\/li>\n<li>Aides aux familles: classe verte, semaine de ski, frais de scolarit\u00e9, participation aux voyages ou sorties scolaires,\u2026<\/li>\n<li>Subventions pour des spectacles, achat de mat\u00e9riel, achat de livres,\u2026<\/li>\n<li>R\u00e9unions mensuelles avec la Direction de l\u2019\u00e9tablissement<\/li>\n<\/ul>\n<p class=\"p1\"><em>Suivez notre actualit\u00e9\u00a0:<\/em><\/p>\n<p class=\"p1\">Facebook : <a href=\"https:\/\/www.facebook.com\/apel.pastregrandebastide\/\" target=\"_blank\" rel=\"noopener\"><b>apel.pastregrandebastide<\/b><\/a><\/p>\n<p><span style=\"font-family: Cambria, serif;\">Instagram :<\/span><a href=\"https:\/\/www.instagram.com\/apel_pastre_grande_bastide\/\" target=\"_blank\" rel=\"noopener\"><span style=\"font-family: Cambria, serif;\"><b> apel_pastre_grande_bastide<\/b><\/span><\/a><\/p>\n<p><span style=\"font-family: Cambria, serif;\">Blog : <\/span><span style=\"color: #0000ff;\"><u><a href=\"http:\/\/apelpgb13.blogspot.com\/\" target=\"_blank\" rel=\"noopener\"><span style=\"font-family: Cambria, serif;\"><b>http:\/\/apelpgb13.blogspot.com\/<\/b><\/span><\/a><\/u><\/span><\/p>\n<p class=\"p1\">Contact :\u00a0<b>apelpgb13009@gmail.com<\/b><\/p>\n<\/div><\/div><\/div><\/div><\/div>\n","protected":false},"excerpt":{"rendered":"","protected":false},"author":1,"featured_media":0,"parent":0,"menu_order":0,"comment_status":"closed","ping_status":"closed","template":"100-width.php","meta":{"_lmt_disableupdate":"no","_lmt_disable":"no","footnotes":""},"class_list":["post-118","page","type-page","status-publish","hentry"],"_links":{"self":[{"href":"https:\/\/extrapgb.fr\/pastre\/wp-json\/wp\/v2\/pages\/118","targetHints":{"allow":["GET"]}}],"collection":[{"href":"https:\/\/extrapgb.fr\/pastre\/wp-json\/wp\/v2\/pages"}],"about":[{"href":"https:\/\/extrapgb.fr\/pastre\/wp-json\/wp\/v2\/types\/page"}],"author":[{"embeddable":true,"href":"https:\/\/extrapgb.fr\/pastre\/wp-json\/wp\/v2\/users\/1"}],"replies":[{"embeddable":true,"href":"https:\/\/extrapgb.fr\/pastre\/wp-json\/wp\/v2\/comments?post=118"}],"version-history":[{"count":1,"href":"https:\/\/extrapgb.fr\/pastre\/wp-json\/wp\/v2\/pages\/118\/revisions"}],"predecessor-version":[{"id":1664,"href":"https:\/\/extrapgb.fr\/pastre\/wp-json\/wp\/v2\/pages\/118\/revisions\/1664"}],"wp:attachment":[{"href":"https:\/\/extrapgb.fr\/pastre\/wp-json\/wp\/v2\/media?parent=118"}],"curies":[{"name":"wp","href":"https:\/\/api.w.org\/{rel}","templated":true}]}}